ple of 1585?
False
Does 21 divide 11023866?
True
Is 2696982 a multiple of 658?
False
Does 191 divide 182596?
True
Is 10336794 a multiple of 13?
True
Is 1165 a factor of 7567840?
True
Does 12 divide 28610?
False
Is 276 a factor of 1009608?
True
Is 1746992 a multiple of 42?
False
Is 1082729 a multiple of 72?
False
Does 66 divide 181632?
True
Is 38962 even?
True
Is 32652 even?
True
Is 1065759 a multiple of 88?
False
Is 1174422 a multiple of 22?
False
Does 105 divide 206471?
False
Does 520 divide 304662?
False
Is 4953 a multiple of 27?
False
Does 103 divide 77709?
False
Is 21 a factor of 1262331?
True
Is 63712 a multiple of 5?
False
Is 19 a factor of 1043803?
True
Is 27877 a multiple of 30?
False
Is 480 a multiple of 15?
True
Is 11 a factor of 386573?
True
Is 666 a factor of 16112137?
False
Is 1662415 a multiple of 149?
False
Does 8 divide 1990397?
False
Is 746609 a multiple of 5?
False
Does 16 divide 114032?
True
Is 1548000 a multiple of 180?
True
Is 37 a factor of 20905?
True
Does 356 divide 1504712?
False
Is 33 a factor of 251328?
True
Is 1231921 a multiple of 12?
False
Is 13 a factor of 461383?
True
Is 12 a factor of 22099080?
True
Is 440828 a multiple of 4?
True
Does 80 divide 87028?
False
Does 210 divide 7603680?
True
Is 8 a factor of 41176?
True
Is 608 a factor of 181184?
True
Does 351 divide 294138?
True
Is 570768 a multiple of 47?
True
Does 833 divide 1214514?
True
Is 186162 even?
True
Does 14 divide 297584?
True
Is 9090300 a multiple of 193?
True
Does 88 divide 162448?
True
Is 14 a factor of 13469764?
True
Is 405176 a multiple of 8?
True
Is 1267 a factor of 8699613?
False
Is 725881 a multiple of 187?
False
Is 26 a factor of 2565841?
False
Does 22 divide 83754?
True
Is 739 a factor of 1198658?
True
Is 252 a factor of 539784?
True
Is 6235372 a multiple of 143?
True
Does 6 divide 37117?
False
Is 6211512 a multiple of 600?
False
Does 356 divide 6187282?
False
Is 31 a factor of 420329?
True
Does 34 divide 247418?
True
Is 100 a factor of 1865700?
True
Is 253778 a multiple of 14?
True
Is 244 a factor of 33208888?
True
Is 695492 a multiple of 421?
True
Does 45 divide 5133150?
True
Is 9504 a multiple of 18?
True
Does 118 divide 5503402?
True
Is 942157 a multiple of 31?
False
Does 25 divide 228175?
True
Does 513 divide 5493204?
True
Is 341 a factor of 1171005?
False
Does 190 divide 2815230?
True
Is 227909 a multiple of 12?
False
Is 62 a factor of 8673986?
True
Is 21055 a multiple of 28?
False
Is 3199576 a multiple of 184?
True
Is 1424527 a multiple of 19?
False
Is 85729 a multiple of 7?
True
Is 644 a factor of 332304?
True
Is 60 a factor of 1967258?
False
Is 8 a factor of 1748512?
True
Is 134 a factor of 4019062?
True
Is 6446609 a multiple of 134?
False
Does 2 divide 760?
True
Does 655 divide 1453445?
True
Does 134 divide 1248417?
False
Is 3262836 a multiple of 13?
False
Is 19197 a multiple of 26?
False
Does 24 divide 2800?
False
Is 79547 a multiple of 377?
True
Is 5526843 a multiple of 696?
False
Does 492 divide 308413?
False
Is 87 a factor of 37471?
False
Is 2435400 a multiple of 20?
True
Does 450 divide 905953?
False
Is 2665514 a multiple of 10?
False
Does 136 divide 34626?
False
Is 170 a factor of 3313553?
False
Does 261 divide 2204097?
False
Is 430118 a multiple of 71?
True
Is 628 a factor of 415108?
True
Is 383175 a multiple of 9?
True
Is 21 a factor of 8730162?
True
Does 25 divide 291247?
False
Is 80 a factor of 6001120?
True
Is 733942 a multiple of 146?
True
Does 42 divide 23863?
False
Is 6 a factor of 436802?
False
Does 98 divide 151900?
True
Is 131668 a multiple of 10?
False
Is 164589 a multiple of 34?
False
Does 82 divide 3631534?
True
Does 1449 divide 6068198?
False
Is 234 a factor of 136422?
True
Is 554135 a multiple of 10?
False
Is 12 a factor of 1935768?
True
Is 4939468 a multiple of 412?
True
Does 6 divide 23052?
True
Is 1056804 a multiple of 40?
False
Is 1196927 a multiple of 10?
False
Does 256 divide 268755?
False
Is 230373 a multiple of 33?
True
Does 234 divide 31076?
False
Does 230 divide 4402311?
False
Is 49149 a multiple of 381?
True
Does 128 divide 1002528?
False
Is 214179 a multiple of 49?
True
Is 1098 a factor of 8905878?
True
Is 789312 a multiple of 5?
False
Is 13 a factor of 2481777?
False
Is 664661 a multiple of 334?
False
Does 552 divide 395947?
False
Is 41 a factor of 2281709?
False
Does 12 divide 137883?
False
Does 53 divide 4958044?
True
Does 142 divide 331570?
True
Is 5 a factor of 4745?
True
Is 198 a factor of 152658?
True
Is 133700 a multiple of 6?
False
Is 8 a factor of 97192?
True
Is 962871 a multiple of 21?
True
Is 23 a factor of 109457?
True
Is 43013 a multiple of 5?
False
Is 1004900 a multiple of 9?
False
Is 60556 a multiple of 3?
False
Is 655120 a multiple of 862?
True
Is 336968 a multiple of 146?
True
Does 27 divide 200885?
False
Is 20 a factor of 177748?
False
Is 14 a factor of 585438?
True
Is 13 a factor of 7305420?
False
Is 162 a factor of 746010?
True
Is 20181 a multiple of 22?
False
Is 1043685 a multiple of 16?
False
Does 65 divide 12157015?
True
Is 466581 a multiple of 519?
True
Is 211 a factor of 760438?
False
Does 20 divide 4591020?
True
Is 610266 a multiple of 14?
False
Is 2152483 a multiple of 7?
False
Does 11 divide 682374?
True
Does 83 divide 589226?
False
Does 35 divide 18445?
True
Is 16830 a multiple of 30?
True
Is 240300 a multiple of 90?
True
Is 12872 even?
True
Is 567490 a multiple of 35?
True
Is 8135744 a multiple of 46?
True
Does 346 divide 446793?
False
Is 935 a factor of 185010?
False
Is 22 a factor of 141042?
True
Does 444 divide 451548?
True
Is 439 a factor of 36276?
False
Is 33420 a multiple of 32?
False
Does 22 divide 796997?
False
Is 2313140 a multiple of 10?
True
Is 37 a factor of 3918809?
False
Is 313670 a multiple of 10?
True
Is 192 a factor of 1286582?
False
Does 693 divide 697158?
True
Is 90 a factor of 273510?
True
Is 80 a factor of 4199520?
True
Is 342 a factor of 110124?
True
Is 14 a factor of 141022?
True
Is 20 a factor of 1411891?
False
Does 7 divide 13360377?
False
Does 14 divide 54404?
True
Is 1429854 a multiple of 502?
False
Is 2448540 a multiple of 6?
True
Does 107 divide 94374?
True
Does 107 divide 204878?
False
Does 839 divide 824756?
False
Is 4 a factor of 30879?
False
Does 7 divide 9756222?
True
Is 515 a factor of 598430?
True
Is 205 a factor of 786556?
False
Does 12 divide 5091876?
True
Is 10 a factor of 4505450?
True
Is 21602 a multiple of 86?
False
Is 309 a factor of 26529813?
True
Is 30 a factor of 101679?
False
Is 10 a factor of 174964?
False
Is 17 a factor of 123062?
False
Does 26 divide 544336?
True
Is 932770 a multiple of 110?
False
Is 16198 a multiple of 7?
True
Is 32 a factor of 85323?
False
Does 394 divide 8778320?
True
Does 39 divide 6931110?
False
Is 5866003 a multiple of 708?
False
Is 153 a factor of 1424124?
True
Is 9 a factor of 172791?
True
Does 413 divide 144137?
True
Does 6 divide 1330326?
True
Is 43 a factor of 8163824?
False
Is 277235 a multiple of 287?
False
Does 63 divide 9848160?
True
Is 4 a factor of 1257874?
False
Is 202 a factor of 11006289?
False
Is 67 a factor of 899810?
True
Is 31 a factor of 4803295?
True
Is 63104 a multiple of 64?
True
Does 77 divide 40271?
True
Does 14 divide 92638?
True
Is 14 a factor of 380293?
False
Is 1279719 a multiple of 567?
True
Is 8 a factor of 382800?
True
Does 7 divide 97656?
False
Does 54 divide 6048?
True
Does 278 divide 848456?
True
Is 75330 a multiple of 6?
True
Is 11 a factor of 382287?
False
Does 18 divide 945875?
False
Is 8634105 a multiple of 94?
False
Does 2 divide 88417?
False
Is 18 a factor of 11578868?
False
Is 13 a factor of 3680495?
True
Is 166842 a multiple of 78?
True
Is 3527936 a multiple of 76?
False
Does 534 divide 1406022?
True
Does 11 divide 203797?
True
Is 2 a factor of 11592?
True
Is 9006529 a multiple of 18?
False
Does 2 divide 196540?
True
Is 9203075 a multiple of 215?
True
Does 6 divide 8820?
True
Does 20 divide 317200?
True
Is 30 a factor of 106747?
False
Is 15 a factor of 5385510?
True
Does 161 divide 189271?
False
Is 10078748 a multiple of 116?
False
Is 10930830 a multiple of 510?
True
Does 79 divide 282741?
True
Is 288825 a multiple of 15?
True
Is 321 a factor of 829143?
True
Is 1728 even?
True
Is 135374 a multiple of 113?
True
Does 203 divide 103124?
True
Is 23 a fact